s of a?
67
Suppose 0 = -3*t + q + 2905, -t + 356 + 634 = 4*q. List the prime factors of t.
2, 5, 97
Let t(p) = -6*p - 1. Let f(i) = -1. Let v(c) = 4*f(c) + t(c). What are the prime factors of v(-28)?
163
Suppose 3*f + 6*k - 7*k = 14, -k = 5. Suppose 2*s - f*s + 172 = 0. List the prime factors of s.
2, 43
Suppose 11*h - 10412 = -4*m + 7*h, 0 = -3*m - h + 7813. What are the prime factors of m?
5, 521
Suppose -5*t + 3*p + 14 = 0, -t + 16 - 4 = 4*p. Suppose -f + 10 = i + t*i, 11 = 2*f + i. Suppose -288 = -f*d + 67. What are the prime factors of d?
71
Suppose 384324 = 52*l + 133996. What are the prime factors of l?
2, 29, 83
Let l(d) be the third derivative of d**6/60 + d**5/15 - d**4/4 - d**3/6 + 36*d**2. What are the prime factors of l(3)?
71
Let f = -25 + 122. Suppose -f = 2*m - 447. Suppose 7*n - m = 98. List the prime factors of n.
3, 13
What are the prime factors of (-1)/(4*(-1)/436)?
109
Let q(z) = -5 - 4*z - 2*z + 4*z + z. Suppose 6*g - 3*g + 29 = -n, 0 = 2*n + 3*g + 46. What are the prime factors of q(n)?
2, 3
Suppose -5*d + 361 + 469 = -2*m, -3*d - 4*m + 472 = 0. List the prime factors of d.
2, 41
Suppose 2*m - 2045 = 3*h, -4*m + 192 = -3*h - 3883. What are the prime factors of m?
5, 7, 29
Suppose -11 = -k + 5. Let v = -12 + k. Let q(c) = 6*c - 7. What are the prime factors of q(v)?
17
Let y = 414 - 233. What are the prime factors of y?
181
Suppose 0 = -2*k - 4, 3*d = 8*d - 5*k - 220. Let f = 73 - d. Suppose 4*p = 37 + f. What are the prime factors of p?
17
Suppose 30 = 2*i - 42. Suppose 4*d + 119 = -3*w + i, 0 = 3*w + 5*d + 88. What are the prime factors of 114/(-4)*14/w?
19
Let q be (-2425)/(-5) - (-1 + -2). Suppose q + 62 = 5*j. What are the prime factors of j?
2, 5, 11
Let x(v) = v + 13. Let n be x(-15). List the prime factors of (16/12)/(n/(-24)).
2
Let y(a) = -a - 16. Let r(o) = o**2 - 12*o + 6. Let p be r(11). Let m be y(p). List the prime factors of 26/143 - 64/m.
2, 3
Let f(n) = -n + 0*n - 5 + 2. Let p be f(-9). Suppose 3*t = i + 78, 4*i - 93 = 3*t - p*t. What are the prime factors of t?
3
Suppose 0 = 5*u + 85 + 70. Let o(b) = b - 60. Let d be o(0). Let z = u - d. What are the prime factors of z?
29
Suppose -527 = -2*y - 3*u, -16*u + 17*u = 3*y - 774. What are the prime factors of y?
7, 37
Let m(n) = n**3 + 12*n**2 - 12*n - 7. Let d be m(-11). Let l = d - 120. What are the prime factors of l?
2, 3, 7
Suppose -632 = -2*h - 5*v, 0 = -4*h + 5*v + 170 + 1094. List the prime factors of h.
2, 79
Suppose -2*g + 2*t = -150, 5*g - g = -2*t + 306. Suppose 192 = 4*o - g. Let k = o - 40. What are the prime factors of k?
3
Let v be (-9)/(-12) + (-1)/(-4). Let m be 3/(1*v/1). Suppose -m*p - 3*f + 92 = -p, -p + 2*f + 60 = 0. What are the prime factors of p?
2, 13
Let t be (-20)/(-25)*(-10)/(-4). What are the prime factors of 27 + (-2 - 1*(-4)/t)?
3
Let u(x) be the second derivative of 51*x**5/20 - x**4/6 + x**2/2 + 7*x. Let j be u(1). Suppose j - 4 = 2*q. What are the prime factors of q?
23
Suppose -2*l + 24 = 5*q - 30, 27 = l - 4*q. List the prime factors of 1302/l - 16/72.
2, 3
Let u(g) = -g + 1. Let r(q) = -30*q + 5. Let z(x) = -r(x) - 4*u(x). List the prime factors of z(3).
3, 31
Let w be 4/10 - (-13)/5. Let a(s) = -2 - 7*s**2 - 1 - 2 + 0 - 7*s - s**w. List the prime factors of a(-7).
2, 11
Suppose -2384 = w - 3*w. Suppose 20*s - w = 16*s. What are the prime factors of s?
2, 149
Let b = 186 + -93. Suppose 3*x - 87 - b = 0. List the prime factors of x.
2, 3, 5
Let s be -1 - 4/(-2) - -2. Suppose x + 2*x + 643 = 5*z, s*x + 512 = 4*z. What are the prime factors of z?
131
Let k = 12 + 89. Let x = k - 76. What are the prime factors of x?
5
Suppose 5*l = -5*i + 104 + 91, 3*l = -5*i + 187. Let p = i - -9. What are the prime factors of p?
2, 11
Let k be ((-26)/(-65))/(1/(-70)). Let i = 77 + k. List the prime factors of 24/21*i/14.
2
Let k(b) = 10*b + 38 - 33*b + 10*b + 6*b. List the prime factors of k(-7).
3, 29
Let i(q) = 29*q**2. Let v be i(-2). Let a = v + -67. List the prime factors of a.
7
Suppose 5*s = 5*x - 7655, 5*x - 56*s = -57*s + 7661. What are the prime factors of x?
2, 383
Let v(f) = -6*f. Let u be v(-3). Let i = -48 + u. What are the prime factors of i*(-3)/18*2?
2, 5
List the prime factors of -5 + (-3)/3 - (-2006 + -64).
2, 3, 43
Let z = -1011 - -1067. What are the prime factors of z?
2, 7
What are the prime factors of 2/(-8)*(-25 + -3523)?
887
Let t(y) = 988*y + 1. What are the prime factors of t(1)?
23, 43
Let s = -5101 - -10419. What are the prime factors of s?
2, 2659
Suppose 59 = 4*t + 51. Suppose -4*h + 580 = -4*b, t*h - 576 = -2*h + 3*b. List the prime factors of h.
3, 47
Suppose 0*b - 3*b - 273 = 0. Let a = b + 156. What are the prime factors of a?
5, 13
List the prime factors of ((-192)/(-9))/(4/(-432)*-6).
2, 3
Suppose 0 = p + 478 - 1954. Let x = p + -2262. What are the prime factors of x/(-30) + 1/(-5)?
2, 13
List the prime factors of -2*-4*301 + 2 + 2.
2, 3, 67
Suppose -2602 = -2*l - 2*r, -5*r + 6510 = 5*l - r. What are the prime factors of l?
2, 653
Suppose -2*r - 4*j + 24 = 8, 3*j - 12 = 0. Suppose r = -i + 23 - 10. Suppose i + 38 = 3*f. What are the prime factors of f?
17
Let z be (((-1)/2)/1)/(3/(-600)). Suppose 0 = -2*v - 18 + z. List the prime factors of v.
41
Suppose -5*f = 3*z - 6445, -4*z = -3*z + 4*f - 2146. What are the prime factors of z?
2, 5, 43
Let q(x) = x**3 - 11*x**2 + 3*x + 6. Let l be q(11). Suppose -2*m - m = 4*j + 141, -m = 4*j + l. What are the prime factors of 4/(96/m - -2)?
2, 17
Let m(h) = -h**3 + 14*h**2 - 6*h - 9. List the prime factors of m(7).
2, 73
Let l = -32 - -35. Suppose -504 = -4*w - 4*m, l*w + m = -3*m + 382. List the prime factors of w.
2, 61
Suppose -4*j - 2*f - 63 = -5*j, -5*j + 310 = -5*f. Let r = 104 - j. List the prime factors of r.
43
Let h = -4821 + 8416. What are the prime factors of h?
5, 719
Let p(i) = -131*i - 52. What are the prime factors of p(-6)?
2, 367
Let c(t) = -90*t + 584. What are the prime factors of c(-48)?
2, 613
Let l = -191 + 119. Suppose -5*n = 164 + 76. Let d = n - l. What are the prime factors of d?
2, 3
Suppose -5*k + 4*w + 11950 = 7*w, -4*w = 5*k - 11955. What are the prime factors of k?
7, 11, 31
Let k = -8 - -13. Suppose k*c - 68 = 152. List the prime factors of c.
2, 11
Suppose 42 = 6*s - 24. Let p(f) = -f**3 + 13*f**2 - 2*f + 2. What are the prime factors of p(s)?
2, 3, 37
Suppose 187 = c + 11*b - 16*b, 0 = 2*c - b - 329. List the prime factors of c.
2, 3
Suppose 206533 - 69284 = 49*g. List the prime factors of g.
2801
Suppose 0 = -t - 4*n + 2*n + 829, 2*t = 5*n + 1613. List the prime factors of t.
3, 7, 13
Let y = 1118 - -395. List the prime factors of y.
17, 89
Let q be 3/8 + (-588)/(-224). Suppose -3*r + 20 = -r. Suppose -q*p = -r - 59. List the prime factors of p.
23
Let i = 748 - -303. List the prime factors of i.
1051
Suppose 19*w = -w + 4220. List the prime factors of w.
211
Let z = 2824 + -1705. List the prime factors of z.
3, 373
Suppose -14*v = -3*v - 26774. List the prime factors of v.
2, 1217
Let v(c) = 4 + c + 11*c + c**2 + 25. What are the prime factors of v(-13)?
2, 3, 7
Suppose -905 = -8*i + 33407. List the prime factors of i.
4289
Let x(u) = u**3 - 11*u**2 + 7*u - 10. Let w be (-22)/3*3/(-2). List the prime factors of x(w).
67
Let k = 32 - 27. Suppose n + k*l = 62, -5*l + 0*l = 0. List the prime factors of n.
2, 31
Let n(y) = -13*y**2 + 6*y + 7. Let m be n(-4). List the prime factors of (3*1)/((-9)/m).
3, 5
List the prime factors of (5 + (-124)/12)*2028/(-16).
2, 13
List the prime factors of (-1)/(-4) - (6 + (-8217)/12).
7, 97
Let h(j) = 12*j**2 + 2*j + 3. Let m be -4*4/(-16) + 2. Let f be h(m). Suppose -73 = -3*l - a, -5*l - 2*a + f = -5*a. List the prime factors of l.
2, 3
Suppose -2*i - 11828 = -6*i - 4*x, i = -3*x + 2959. List the prime factors of i.
2, 739
Let w = 204 - 83. What are the prime factors of w?
11
Suppose -3*x - u + 1409 = u, 4*x = 2*u + 1902. What are the prime factors of x?
11, 43
Let k = -22 + 24. List the prime factors of (-2 - (29 + k))*(-3)/9.
11
Suppose 2*o + 9 = 3*l, 2*o = l + 3*l - 14. Suppose o = m - 14. List the prime factors of m.
17
Let g(y) be the third derivative of y**4 - y**3/6 + y**2. Let d be (2/4)/(((-68)/(-8))/17). What are the prime factors of g(d)?
23
Suppose 4 = -o + 9. Suppose o*c + 5*n - 